 Suppose -4*m - 5*j + 27 = 0, 0*j - 2*j = f. Suppose -1574 = 3*u - 1598. What is the greatest common divisor of u and m?
8
Let x = -92 - -96. Suppose -7*v - r = -x*v - 290, 5*v = -2*r + 485. Calculate the greatest common factor of v and 19.
19
Let s = 124 + 80. Let p = -199 + s. What is the highest common factor of 160 and p?
5
Let b be (-2)/(-7) + (-376)/(-56) + -7. Suppose -12*d + 450 = -9*d - 3*w, b = 5*d + 3*w - 734. What is the highest common divisor of 8 and d?
4
Let q(l) = -7*l**2 - 7*l + 18*l - 17*l - 12*l + l**3 - 6. Let x be q(9). Let n be (x + (-44)/(-8))/((-1)/6). Calculate the greatest common divisor of n and 2.
1
Let i be (26/10 - 1)/((-3)/90). Let z = -44 - i. Suppose -43 = -z*s + 53. What is the highest common divisor of 36 and s?
12
Let f = 12 - 15. Let v(k) = 4*k**2 - 9*k - 27. Let b be v(f). What is the greatest common divisor of b and 9?
9
Suppose 4*m = -0*m + 496. Let q(a) = 61*a - 2009. Let l be q(33). Calculate the greatest common factor of m and l.
4
Let j(z) = -2*z**3 - 16*z**2 + 692*z + 70. Let p be j(-23). What is the highest common factor of 2436 and p?
12
Let d(n) = -n**3 + 5*n**2 - 2*n + 2. Let r be d(2). Suppose -69 = p - 2*p. Suppose -r*v - p = -13*v. Calculate the greatest common divisor of v and 207.
23
Suppose 2*b = -2*y + y + 107, 2*b - 111 = 3*y. Let z = b - 30. Calculate the highest common divisor of 30 and z.
6
Suppose -u - 24 = -4*x - 4, 0 = 3*u + 12. Let c be -4*(x + 2 + -7). Suppose c*m = 42 + 38. Calculate the highest common factor of 4 and m.
4
Let n be (3/4)/((-138)/(-2576)). Let t be ((-133)/n + 0)*-6. Let p(s) = 22*s**2 - 6*s - 7. Let g be p(5). What is the highest common factor of t and g?
57
Let i(n) = -100*n - 8. Let d be i(-1). Suppose 5*s - 88 + 336 = 3*b, -4*s = -b + d. Calculate the greatest common divisor of b and 95.
19
Let h be ((-51)/306)/((6 + -4)/(-2148)). Calculate the greatest common factor of h and 2148.
179
Let b be (3 + -154)*-19 + (-16)/(-4). What is the highest common divisor of b and 39?
13
Let g(m) = -m + 15. Let b be g(8). Let c = 29 - b. Suppose -c*v + 17*v = -65. What is the greatest common divisor of v and 65?
13
Suppose 2769 = -9*l + 3219. Let r(d) = 4*d + 7. Let f be r(6). Let o = 51 - f. Calculate the highest common divisor of o and l.
10
Let f(y) = y**2 + 5*y - 15. Let q be f(-8). Suppose -20*a = q*a - 1305. What is the greatest common factor of 27 and a?
9
Let k = 4824 - 4780. Calculate the highest common divisor of k and 341.
11
Let q(d) = -12*d - 2. Let n be q(-3). Suppose -50*g - 60 = -3*i - 48*g, 4*i + 5*g = 57. Suppose 4*w - i = n. What is the highest common divisor of w and 117?
13
Suppose -18 = -q + 3*k, 0 = -0*q - 2*q - 3*k + 9. Let r = 162 + -228. Let g be (r/(-55))/(4/10). What is the highest common factor of g and q?
3
Let t(u) = -4*u + 25. Let p be t(2). Suppose p*g - 10*g = 3157. Calculate the highest common factor of 41 and g.
41
Suppose 5*f - 4*f + 2122 = 4*w, -3*w + f + 1590 = 0. Let j(t) = -19*t**3 - t**2 + 1. Let o be j(-1). What is the greatest common divisor of o and w?
19
Let u = -275 + 282. Suppose 6*b = -u*b + 1183. What is the highest common divisor of b and 13?
13
Let u be ((-1 - (-110)/4)*82)/((-11)/(-22)). What is the highest common divisor of u and 106?
106
Let t = -637 + 633. Let y be 25/2 - (t - 9/(-2)). Calculate the highest common divisor of y and 8.
4
Let j = 29 + -21. Let t(u) = 4*u**2 - 41*u + 21. Let w be t(10). Let g be (-6)/(-2) - (-616)/(88/w). What is the highest common factor of g and j?
8
Suppose -4*a = -2*s - 8, -4*s = 12*a - 13*a + 16. Suppose -4*k - 40 = -2*p, a*p - p + 5*k = -8. What is the greatest common factor of p and 49?
7
Suppose 6*j - 3*j = -5*t, -t - 2*j = 0. Let u be (9 + t)*(-15)/(-45). Calculate the greatest common factor of 6 and u.
3
Let l = 176 + -164. Let y(a) = a**3 - 4*a**2 + 25*a + 6. Let w be y(6). Calculate the highest common factor of w and l.
12
Suppose -2*p + 7*p - 37 = -2*q, -5*p = -5*q + 5. Suppose -9 = -41*c + 155. Let t be 14/6 + c/q. What is the greatest common factor of 15 and t?
3
Suppose 0 = -5*p - 2*i - 15 + 86, -5*i = 4*p - 84. What is the greatest common factor of p and 41162?
11
Let h(x) = 3*x + 3*x + 5*x - 9*x + 26. Let s be h(-8). Calculate the greatest common factor of 80 and s.
10
Let s = -40 - -28. Let i = s - 30. Let u be 158/6 - (-14)/i. What is the greatest common factor of 130 and u?
26
Let n(q) = -q + 2. Let v be n(-11). Suppose 4*c = 79 + 597. What is the greatest common divisor of v and c?
13
Let o(l) = -10328*l + 10328*l + 31*l**2 + l**2. Let b be o(1). Calculate the greatest common divisor of b and 2.
2
Let m(b) be the first derivative of b**3/3 - 5*b**2/2 + 6*b + 58. Suppose -1 = 5*f - 51. Let l be m(f). Calculate the greatest common factor of l and 7.
7
Let c be 1/(-5) + (-286)/(-130). Suppose k + 4*k - 766 = -3*x, -5*k + c*x = -756. What is the greatest common factor of k and 19?
19
Suppose 29*b - 30*b - 5*w = 6, -4*b - 5*w + 81 = 0. Let p(z) = 17*z + 9. Let r be p(8). What is the highest common divisor of r and b?
29
Let g be (15119/(-26) - -13)*280/(-15). Calculate the greatest common factor of 28 and g.
28
Let d(r) = r**2 - 5*r - 1. Let l be d(-4). Let a = -27 + 47. Suppose a = 2*k + 2*k. Calculate the highest common divisor of k and l.
5
Let y = -272 - -336. Let r = y - 40. Calculate the highest common divisor of 24 and r.
24
Suppose -2*b = -7*b + 4515. Let s(n) = 9*n**2 - 29*n - 125. Let w be s(-3). Calculate the greatest common divisor of b and w.
43
Let r = -11 - -16. Suppose 0 = -0*o + r*o - 1045. Let v(t) = 1194*t - 140881. Let d be v(118). Calculate the highest common divisor of d and o.
11
Let x(d) = 10 - 12*d - d**2 - 7 - 10. Suppose -2*m - 54 = 4*m. Let f be x(m). What is the greatest common divisor of f and 50?
10
Suppose 3*u - 18 = -3*u. Suppose u = -n + 11. Suppose 5*o + o - 528 = 0. What is the greatest common factor of o and n?
8
Let m(v) = -v**2 - v - 2. Let s(h) = -4*h**2 + 4*h + 3. Let j(i) = -6*m(i) - 3*s(i). Let g be j(2). What is the highest common divisor of g and 84?
21
Let s(x) = 4*x**2 + x + 3. Let p be ((-48)/(-60))/(4/30*1). Let d be s(p). What is the highest common divisor of 17 and d?
17
Let y = 1145 - 1001. Calculate the highest common divisor of y and 162.
18
Let w(b) = -17*b + 1. Suppose -18*m + 16*m = 8. Let a be w(m). Suppose 5*q - a = 16. What is the greatest common factor of q and 68?
17
Let y = -40 + 41. Let p be 15*1*(10/50)/y. Calculate the highest common factor of 9 and p.
3
Let n = -2555 + 2814. Calculate the highest common divisor of n and 888.
37
Let a(j) = j**3 - 9*j**2 + 18*j - 6. Let w be (-2 + 3)*-4*3. Let p be ((-4)/(-2) - w)/2. Let z be a(p). What is the greatest common divisor of z and 33?
11
Let q = -38839 - -40057. What is the highest common factor of q and 66?
6
Suppose -5*u - 5370 - 614 = -192*u. Calculate the highest common factor of u and 1448.
8
Suppose -189*s + 192*s - a - 9 = 0, 6 = 2*s + 2*a. Let c be (4 - 2)*(-4)/(-2). Calculate the highest common divisor of c and s.
1
Let k(z) = 3*z**3 + 17*z**2 - 7*z + 1. Let y be k(-6). What is the highest common divisor of y and 1939?
7
Suppose -4*r + 0*r = -120. Suppose -2*s = -3*s. Suppose s = -5*u + 2*t + 38, 3*u + 2 = 2*u - 2*t. Calculate the highest common divisor of u and r.
6
Suppose 2387 + 363 = 25*u. What is the highest common factor of u and 5995?
55
Let j = -3343 + 5923. What is the highest common factor of 120 and j?
60
Suppose 299 = 34*a + 95. Suppose -a*s - 6*s + 744 = 0. Let q = 304 + -149. What is the greatest common factor of q and s?
31
Let g(w) = -76*w - 193. Let t be g(-9). Let b = t - 368. Calculate the highest common factor of 205 and b.
41
Suppose 0 = -254*h + 271 - 17. What is the highest common divisor of 229 and h?
1
Suppose -2*v - 2*v = 4*g - 1332, 4*v - 4*g - 1356 = 0. Suppose -23 - 82 = -5*t - 5*j, 4*t = j + 99. Calculate the greatest common divisor of v and t.
24
Suppose -t - 59 + 539 = 0. Suppose -3*a = -4*a + t. Suppose 4*l + 2*l = a. What is the greatest common divisor of l and 10?
10
Let c(q) = -q**3 + 11*q**2 - q + 3. Let b = 101 - 93. Let y be c(b). Let p = -5 + 22. Calculate the highest common divisor of p and y.
17
Let s = 367 + -212. Let v be (115/20 - 6)*-4*93. What is the greatest common divisor of s and v?
31
Suppose 0 = -0*